{"id":2360,"date":"2025-02-01T16:23:02","date_gmt":"2025-02-01T14:23:02","guid":{"rendered":"https:\/\/polvakool.ee\/test\/?page_id=2360"},"modified":"2025-02-01T16:28:29","modified_gmt":"2025-02-01T14:28:29","slug":"oppeprotsesside-taiendamine-loimimisega-erinevatel-tasanditel","status":"publish","type":"page","link":"https:\/\/polvakool.ee\/test\/erasmus\/oppeprotsesside-taiendamine-loimimisega-erinevatel-tasanditel\/","title":{"rendered":"\u00d5ppeprotsesside t\u00e4iendamine l\u00f5imimisega erinevatel tasanditel"},"content":{"rendered":"\t\t<div data-elementor-type=\"wp-page\" data-elementor-id=\"2360\" class=\"elementor elementor-2360\" data-elementor-post-type=\"page\">\n\t\t\t\t<div class=\"elementor-element elementor-element-65ae7356 e-flex e-con-boxed e-con e-parent\" data-id=\"65ae7356\" data-element_type=\"container\" data-e-type=\"container\" data-settings=\"{&quot;background_background&quot;:&quot;classic&quot;}\">\n\t\t\t\t\t<div class=\"e-con-inner\">\n\t\t<div class=\"elementor-element elementor-element-564b1577 e-con-full e-flex e-con e-child\" data-id=\"564b1577\" data-element_type=\"container\" data-e-type=\"container\" data-settings=\"{&quot;background_background&quot;:&quot;classic&quot;}\">\n\t\t\t\t<\/div>\n\t\t<div class=\"elementor-element elementor-element-3acd31bf e-con-full e-flex e-con e-child\" data-id=\"3acd31bf\" data-element_type=\"container\" data-e-type=\"container\">\n\t\t\t\t<div class=\"elementor-element elementor-element-b71e481 elementor-widget elementor-widget-heading\" data-id=\"b71e481\" data-element_type=\"widget\" data-e-type=\"widget\" data-widget_type=\"heading.default\">\n\t\t\t\t<div class=\"elementor-widget-container\">\n\t\t\t\t\t<h2 class=\"elementor-heading-title elementor-size-default\">\u00d5ppeprotsesside t\u00e4iendamine l\u00f5imimisega erinevatel tasandite<\/h2>\t\t\t\t<\/div>\n\t\t\t\t<\/div>\n\t\t\t\t<div class=\"elementor-element elementor-element-2eb8d4a elementor-widget elementor-widget-text-editor\" data-id=\"2eb8d4a\" data-element_type=\"widget\" data-e-type=\"widget\" data-widget_type=\"text-editor.default\">\n\t\t\t\t<div class=\"elementor-widget-container\">\n\t\t\t\t\t\t\t\t\t<p><strong>Projekt \u201e\u00d5ppeprotsesside t\u00e4iendamine l\u00f5imimisega erinevatel tasanditel\u201d&nbsp;<\/strong>&nbsp;(10.01.2022 kuni 09.07.2023)<br>Projekti nr 2021-2-EE01-KA122-SCH-000041920<\/p>\n<p><\/p>\n<p><strong>Projekti eesm\u00e4rgid ja sisu:<\/strong><\/p>\n<p><strong>&nbsp;<\/strong><\/p>\n<ol>\n<li>Haridusuuendus ja parem juhtimine erinevatel tasanditel. K\u00fclastades erinevate riikide koole ja kohates kolleege teistelt maadelt on v\u00f5imalik \u00f5ppida teiste vigadest ja tuua oma kooli parimad praktikad. P\u00f5lva Koolile on oluline v\u00e4\u00e4rtuskasvatus ja \u00f5pilaste individuaalse arengu ning hariduslike erivajaduste arvestamine \u00f5ppeprotsessis. Soovime laiendada teadmisi digivaldkonnas ning kasutada neid uute juhtimismudelite kasutuselev\u00f5tuks.<\/li>\n<li>Ainete l\u00f5imimine. Paari viimase \u00f5ppeaasta jooksul on \u00f5ppet\u00f6\u00f6s olnud palju individuaalset l\u00e4henemist ja sellest tulenevalt on koost\u00f6\u00f6oskused j\u00e4\u00e4nud tahaplaanile. Soovime, et terve kooli kogukond suhtleks, \u00f5piks ja \u00f5petaks omavahel t\u00f5rgeteta ning arukalt. Soovime rohkem tuua esile koos t\u00f6\u00f6tamist ja sellega kaasnevaid tegevusi.<\/li>\n<li>Tervisliku ja s\u00e4\u00e4stliku m\u00f5tte- ning teguviisi juurutamine ja parem vaimne ning f\u00fc\u00fcsiline tasakaal. Eesm\u00e4rgiks on saada teadmisi, kuidas rakendada \u00f5ues \u00f5ppimise ja mitteformaalse \u00f5ppimise tehnikaid, arendada \u00f5pilaste kriitilist m\u00f5tlemist ja t\u00f5hustada \u00f5petajate- ja \u00f5pilastevahelist koost\u00f6\u00f6d. \u00d5pime paremini kasutama v\u00e4ikelinna v\u00f5imalusi \u00f5ppimiseks nii looduses kui ka teistes meie linnas asuvates organisatsioonides. V\u00e4ljaspool kooli, teistes asutustes toimuv \u00f5pe aitab kaasa ka \u00f5pilaste ettev\u00f5tliku elulaadi kujunemisele. P\u00f5lva Kooli eesm\u00e4rk on \u00f5petada \u00f5pilasi v\u00e4\u00e4rtustama kodukohta: et hinnataks v\u00e4\u00e4riliselt kodukoha l\u00e4heduses kasvanud ja valminud toitu, t\u00f6\u00f6- ja \u00f5ppimisv\u00f5imalusi.<\/li>\n<\/ol>\n<div>&nbsp;<\/div>\n<p>10 \u00f5petajal on v\u00f5imalus minna \u00f5pir\u00e4ndele Euroopa riikidesse.<br>2022-2023 viibivad P\u00f5lva Kooli \u00f5petajad projekti toel j\u00e4rgmistel koolitustel Kreekas, Itaalias ja Hispaanias:<\/p>\n<p><\/p>\n<ul>\n<li>INNOVATIVE TEACHING METHODS, Hispaania \u2013 klassi\u00f5petaja, saksa keele \u00f5petaja<\/li>\n<li>\u201cKreeka keel, ajalugu ja kultuur\u201c, Kreeka \u2013 ajaloo- ja \u00fchiskonna\u00f5petuse \u00f5petaja<\/li>\n<li>\u201cThe 4Cs: Creativity, Critical Thinking, Communication and Collaboration in Schools\u201d, Holland \u2013 ajaloo\u00f5petaja<\/li>\n<li>\u201cSTE[A]M in Classroom \u2013 Multiple Intelligences \u2013 Gamification \u2013 Microlearning \u2013 Flipping Classrooms \u2013 CLIL\u201d, Kreeka \u2013 kaks klassi\u00f5petajat<\/li>\n<li>\u201cOUTDOOR RECREATION, FITNESS AND NATURE FOR A HEALTHY LIFESTYLE IN ALICANTE\u201d, Hispaania \u2013 inglise ja saksa keele \u00f5petaja<\/li>\n<li>\u201cThe Irish Education System: Study Visits in Dublin\u201d, Iirimaa \u2013 inglise keele \u00f5petaja<\/li>\n<li>\u201cEffective Self-Management with outdoor activities\u201d, Hispaania \u2013 arendusjuht, haridustehnoloog<\/li>\n<\/ul><div><br><\/div>\n<p>\u00d5pilastele on selle projekti juures alamprojekt&nbsp;<strong>\u201cLiving for tomorrow\u201d<\/strong>. 10 \u00f5pilast k\u00e4ivad Saksamaal ja 10 \u00f5pilast Prantsusmaal, et t\u00e4ita projekti 3.eesm\u00e4rk, mis h\u00f5lmab tervislikke eluviise ja nende v\u00e4\u00e4rtustamist.<\/p>\n<p><\/p>\n<p>Projekti tulemusi levitatakse organisatsiooni sees, kohalikus ja \u2013 sotsiaalmeedias.<br>Projekt on saanud toetust Euroopa Liidult Erasmus+ programmi raames.<\/p>\n<p><\/p>\n<p>Koolituste kokkuv\u00f5tted on k\u00e4ttesaadavad&nbsp;<a href=\"https:\/\/polvaopiranne.wordpress.com\/\">P\u00f5lva Kooli \u00f5pir\u00e4nde blogis<\/a>.<\/p>\t\t\t\t\t\t\t\t<\/div>\n\t\t\t\t<\/div>\n\t\t\t\t<\/div>\n\t\t\t\t\t<\/div>\n\t\t\t\t<\/div>\n\t\t\t\t<\/div>\n\t\t","protected":false},"excerpt":{"rendered":"<p>\u00d5ppeprotsesside t\u00e4iendamine l\u00f5imimisega erinevatel tasandite Projekt \u201e\u00d5ppeprotsesside t\u00e4iendamine l\u00f5imimisega erinevatel tasanditel\u201d&nbsp;&nbsp;(10.01.2022 kuni 09.07.2023)Projekti nr 2021-2-EE01-KA122-SCH-000041920 Projekti eesm\u00e4rgid ja sisu: &nbsp; Haridusuuendus ja parem juhtimine erinevatel tasanditel. K\u00fclastades erinevate riikide koole ja kohates kolleege teistelt maadelt on v\u00f5imalik \u00f5ppida teiste vigadest ja tuua oma kooli parimad praktikad. P\u00f5lva Koolile on oluline v\u00e4\u00e4rtuskasvatus ja \u00f5pilaste individuaalse arengu [&hellip;]<\/p>\n","protected":false},"author":1,"featured_media":0,"parent":767,"menu_order":0,"comment_status":"closed","ping_status":"closed","template":"elementor_header_footer","meta":{"_acf_changed":false,"iawp_total_views":9,"footnotes":""},"class_list":["post-2360","page","type-page","status-publish","hentry"],"acf":[],"_links":{"self":[{"href":"https:\/\/polvakool.ee\/test\/wp-json\/wp\/v2\/pages\/2360","targetHints":{"allow":["GET"]}}],"collection":[{"href":"https:\/\/polvakool.ee\/test\/wp-json\/wp\/v2\/pages"}],"about":[{"href":"https:\/\/polvakool.ee\/test\/wp-json\/wp\/v2\/types\/page"}],"author":[{"embeddable":true,"href":"https:\/\/polvakool.ee\/test\/wp-json\/wp\/v2\/users\/1"}],"replies":[{"embeddable":true,"href":"https:\/\/polvakool.ee\/test\/wp-json\/wp\/v2\/comments?post=2360"}],"version-history":[{"count":10,"href":"https:\/\/polvakool.ee\/test\/wp-json\/wp\/v2\/pages\/2360\/revisions"}],"predecessor-version":[{"id":2379,"href":"https:\/\/polvakool.ee\/test\/wp-json\/wp\/v2\/pages\/2360\/revisions\/2379"}],"up":[{"embeddable":true,"href":"https:\/\/polvakool.ee\/test\/wp-json\/wp\/v2\/pages\/767"}],"wp:attachment":[{"href":"https:\/\/polvakool.ee\/test\/wp-json\/wp\/v2\/media?parent=2360"}],"curies":[{"name":"wp","href":"https:\/\/api.w.org\/{rel}","templated":true}]}}