{"id":737,"date":"2024-10-28T17:41:40","date_gmt":"2024-10-28T17:41:40","guid":{"rendered":"https:\/\/vana.polvakool.ee\/?page_id=737"},"modified":"2025-08-28T08:07:35","modified_gmt":"2025-08-28T06:07:35","slug":"eksamite-ajad","status":"publish","type":"page","link":"https:\/\/polvakool.ee\/test\/eksamite-ajad\/","title":{"rendered":"Eksamid ja tasemet\u00f6\u00f6d"},"content":{"rendered":"\t\t<div data-elementor-type=\"wp-page\" data-elementor-id=\"737\" class=\"elementor elementor-737\" data-elementor-post-type=\"page\">\n\t\t\t\t<div class=\"elementor-element elementor-element-1c04eb49 e-flex e-con-boxed e-con e-parent\" data-id=\"1c04eb49\" data-element_type=\"container\" data-e-type=\"container\" data-settings=\"{&quot;background_background&quot;:&quot;classic&quot;}\">\n\t\t\t\t\t<div class=\"e-con-inner\">\n\t\t<div class=\"elementor-element elementor-element-7cc9f584 e-con-full e-flex e-con e-child\" data-id=\"7cc9f584\" data-element_type=\"container\" data-e-type=\"container\" data-settings=\"{&quot;background_background&quot;:&quot;classic&quot;}\">\n\t\t\t\t<div class=\"elementor-element elementor-element-425c3afb elementor-widget elementor-widget-heading\" data-id=\"425c3afb\" data-element_type=\"widget\" data-e-type=\"widget\" data-widget_type=\"heading.default\">\n\t\t\t\t<div class=\"elementor-widget-container\">\n\t\t\t\t\t<h2 class=\"elementor-heading-title elementor-size-default\">eksamiD JA TASEMET\u00d6\u00d6D<\/h2>\t\t\t\t<\/div>\n\t\t\t\t<\/div>\n\t\t\t\t<\/div>\n\t\t<div class=\"elementor-element elementor-element-4a7c66a e-con-full e-flex e-con e-child\" data-id=\"4a7c66a\" data-element_type=\"container\" data-e-type=\"container\">\n\t\t\t\t<div class=\"elementor-element elementor-element-59723b4 elementor-widget elementor-widget-heading\" data-id=\"59723b4\" data-element_type=\"widget\" data-e-type=\"widget\" data-widget_type=\"heading.default\">\n\t\t\t\t<div class=\"elementor-widget-container\">\n\t\t\t\t\t<h3 class=\"elementor-heading-title elementor-size-default\">2025\/2026. \u00f5ppeaasta riiklikud tasemet\u00f6\u00f6d<\/h3>\t\t\t\t<\/div>\n\t\t\t\t<\/div>\n\t\t\t\t<\/div>\n\t\t\t\t\t<\/div>\n\t\t\t\t<\/div>\n\t\t<div class=\"elementor-element elementor-element-1c57a17 e-flex e-con-boxed e-con e-parent\" data-id=\"1c57a17\" data-element_type=\"container\" data-e-type=\"container\" data-settings=\"{&quot;background_background&quot;:&quot;classic&quot;}\">\n\t\t\t\t\t<div class=\"e-con-inner\">\n\t\t<div class=\"elementor-element elementor-element-73b3053 e-con-full e-flex e-con e-child\" data-id=\"73b3053\" data-element_type=\"container\" data-e-type=\"container\">\n\t\t\t\t<div class=\"elementor-element elementor-element-c73308b elementor-widget elementor-widget-text-editor\" data-id=\"c73308b\" data-element_type=\"widget\" data-e-type=\"widget\" data-widget_type=\"text-editor.default\">\n\t\t\t\t<div class=\"elementor-widget-container\">\n\t\t\t\t\t\t\t\t\t<h4><strong>Tasemet\u00f6\u00f6de ainevaldkonnad, \u00f5ppeained, vormid ja ajad 2025\/2026. \u00f5ppeaastal<\/strong><\/h4><p><strong>3.klassi \u00f5pilastele:<\/strong><\/p><ul><li>sotsiaalained &#8211; 13.\u201315. mai 2026. a.<\/li><\/ul><p><strong>4. klassi \u00f5pilastele:<\/strong><\/p><ul><li><p>\u00b7 eesti keel (kirjalik) \u2013 08.\u201310. oktoober 2025. a;<\/p><\/li><li><p>vene keel (kirjalik) \u2013 08.\u201309. oktoober 2025. a;<\/p><\/li><li><p>A1-keeletasemel eesti keel teise keelena (esimene p\u00e4ev kirjalik ja suuline, teistel p\u00e4evadel ainult suuline) \u2013 30. september \u2013 02. oktoober; 06. oktoober 2025. a;<\/p><\/li><li><p>matemaatika (kirjalik) \u2013 10. oktoober; 13.\u201314. oktoober 2025. a;<\/p><\/li><li><p>loodus\u00f5petus (kirjalik) \u2013 24.\u201326. september 2025. a.<\/p><\/li><\/ul>\t\t\t\t\t\t\t\t<\/div>\n\t\t\t\t<\/div>\n\t\t\t\t<\/div>\n\t\t<div class=\"elementor-element elementor-element-125270f e-con-full e-flex e-con e-child\" data-id=\"125270f\" data-element_type=\"container\" data-e-type=\"container\">\n\t\t\t\t<div class=\"elementor-element elementor-element-e2f2db9 elementor-widget elementor-widget-text-editor\" data-id=\"e2f2db9\" data-element_type=\"widget\" data-e-type=\"widget\" data-widget_type=\"text-editor.default\">\n\t\t\t\t<div class=\"elementor-widget-container\">\n\t\t\t\t\t\t\t\t\t<p><strong>6.klassi \u00f5pilastele:<\/strong><\/p><ul><li>sotsiaalained \u2013 19.\u201321. mai 2026. a.<\/li><\/ul><p><strong>7. klassi \u00f5pilastele:<\/strong><\/p><ul><li><p>\u00b7 eesti keel (kirjalik) \u2013 25.\u201326. september; 29. september 2025. a;<\/p><\/li><li><p>vene keel (kirjalik) \u2013 25.\u201326. september 2025. a;<\/p><\/li><li><p>A2-keeletasemel eesti keel teise keelena (kirjalik ja suuline) \u2013 13.\u201316. oktoober 2025. a;<\/p><\/li><li><p>matemaatika (kirjalik) \u2013 07.\u201309. oktoober 2025. a;<\/p><\/li><li><p>loodus\u00f5petus (kirjalik) \u2013 01.\u201302. oktoober; 06. oktoober 2025. a.<\/p><\/li><\/ul>\t\t\t\t\t\t\t\t<\/div>\n\t\t\t\t<\/div>\n\t\t\t\t<\/div>\n\t\t<div class=\"elementor-element elementor-element-ce5fc35 e-con-full e-flex e-con e-child\" data-id=\"ce5fc35\" data-element_type=\"container\" data-e-type=\"container\">\n\t\t\t\t<div class=\"elementor-element elementor-element-26e285f elementor-widget elementor-widget-text-editor\" data-id=\"26e285f\" data-element_type=\"widget\" data-e-type=\"widget\" data-widget_type=\"text-editor.default\">\n\t\t\t\t<div class=\"elementor-widget-container\">\n\t\t\t\t\t\t\t\t\t<p><strong>III kooliastme tasemet\u00f6\u00f6d:<\/strong><\/p><ul><li><p>\u00b7 A2-keeletasemel inglise keel (kirjalik) \u2013 28. oktoober 2025. a;<\/p><\/li><li><p>A2-keeletasemel inglise keel (suuline) \u2013 28.\u201331. oktoober 2025. a;<\/p><\/li><li><p>A2-keeletasemel saksa keel (esimene p\u00e4ev kirjalik ja suuline, teistel p\u00e4evadel ainult suuline) \u2013 20.\u201321. jaanuar 2026. a;<\/p><\/li><li><p>A2-keeletasemel vene keel (esimene p\u00e4ev kirjalik ja suuline, teistel p\u00e4evadel ainult suuline) \u2013 20.\u201321. jaanuar 2026. a;<\/p><\/li><li><p>loodusvaldkond (kirjalik) \u2013 18.\u201319. september; 22.\u201323. september 2025. a;<\/p><\/li><li><p>sotsiaalained (kirjalik) \u2013 31. m\u00e4rts \u2013 02. aprill 2026. a.<\/p><\/li><\/ul>\t\t\t\t\t\t\t\t<\/div>\n\t\t\t\t<\/div>\n\t\t\t\t<\/div>\n\t\t<div class=\"elementor-element elementor-element-9149249 e-con-full e-flex e-con e-child\" data-id=\"9149249\" data-element_type=\"container\" data-e-type=\"container\">\n\t\t\t\t<div class=\"elementor-element elementor-element-32eb3cd elementor-widget elementor-widget-text-editor\" data-id=\"32eb3cd\" data-element_type=\"widget\" data-e-type=\"widget\" data-widget_type=\"text-editor.default\">\n\t\t\t\t<div class=\"elementor-widget-container\">\n\t\t\t\t\t\t\t\t\t<h4><strong>\u00dchtsete p\u00f5hikooli l\u00f5pueksamite \u00f5ppeained, vormid ja ajad 2025\/2026. \u00f5ppeaastal:<\/strong><\/h4><ul><li><p>\u00b7 Eesti keel (kirjalik) \u2013 21. aprill 2026. a;<\/p><\/li><li><p>B1-taseme eksamiga \u00fchitatud eesti keel teise keelena (kirjalik) \u2013 21. aprill 2026. a;<\/p><\/li><li><p>B1-taseme eksamiga \u00fchitatud eesti keel teise keelena (suuline) \u2013 21.\u201324. aprill 2026. a;<\/p><\/li><li><p>Matemaatika (kirjalik) \u2013 29. aprill 2026. a;<\/p><\/li><li><p>Valikeksam vene keeles, bioloogias, keemias, f\u00fc\u00fcsikas, geograafias, ajaloos, \u00fchiskonna\u00f5petuses, inglise keeles (B1-tasemel), vene keeles v\u00f5\u00f5rkeelena (B1-tasemel) (kirjalik) \u2013 6. mai 2026. a;<\/p><\/li><li><p>Valikeksam inglise keeles (B1-tasemel) (suuline) \u2013 6.\u20138. mai 2026. a;<\/p><\/li><li><p>Valikeksam vene keeles v\u00f5\u00f5rkeelena (B1-tasemel) (suuline) \u2013 6.\u2013 7. mai 2026. a.<\/p><\/li><\/ul>\t\t\t\t\t\t\t\t<\/div>\n\t\t\t\t<\/div>\n\t\t\t\t<\/div>\n\t\t\t\t\t<\/div>\n\t\t\t\t<\/div>\n\t\t\t\t<\/div>\n\t\t","protected":false},"excerpt":{"rendered":"<p>eksamiD JA TASEMET\u00d6\u00d6D 2025\/2026. \u00f5ppeaasta riiklikud tasemet\u00f6\u00f6d Tasemet\u00f6\u00f6de ainevaldkonnad, \u00f5ppeained, vormid ja ajad 2025\/2026. \u00f5ppeaastal 3.klassi \u00f5pilastele: sotsiaalained &#8211; 13.\u201315. mai 2026. a. 4. klassi \u00f5pilastele: \u00b7 eesti keel (kirjalik) \u2013 08.\u201310. oktoober 2025. a; vene keel (kirjalik) \u2013 08.\u201309. oktoober 2025. a; A1-keeletasemel eesti keel teise keelena (esimene p\u00e4ev kirjalik ja suuline, teistel p\u00e4evadel [&hellip;]<\/p>\n","protected":false},"author":1,"featured_media":0,"parent":0,"menu_order":0,"comment_status":"closed","ping_status":"closed","template":"elementor_header_footer","meta":{"_acf_changed":false,"iawp_total_views":518,"footnotes":""},"class_list":["post-737","page","type-page","status-publish","hentry"],"acf":[],"_links":{"self":[{"href":"https:\/\/polvakool.ee\/test\/wp-json\/wp\/v2\/pages\/737","targetHints":{"allow":["GET"]}}],"collection":[{"href":"https:\/\/polvakool.ee\/test\/wp-json\/wp\/v2\/pages"}],"about":[{"href":"https:\/\/polvakool.ee\/test\/wp-json\/wp\/v2\/types\/page"}],"author":[{"embeddable":true,"href":"https:\/\/polvakool.ee\/test\/wp-json\/wp\/v2\/users\/1"}],"replies":[{"embeddable":true,"href":"https:\/\/polvakool.ee\/test\/wp-json\/wp\/v2\/comments?post=737"}],"version-history":[{"count":39,"href":"https:\/\/polvakool.ee\/test\/wp-json\/wp\/v2\/pages\/737\/revisions"}],"predecessor-version":[{"id":3747,"href":"https:\/\/polvakool.ee\/test\/wp-json\/wp\/v2\/pages\/737\/revisions\/3747"}],"wp:attachment":[{"href":"https:\/\/polvakool.ee\/test\/wp-json\/wp\/v2\/media?parent=737"}],"curies":[{"name":"wp","href":"https:\/\/api.w.org\/{rel}","templated":true}]}}