{"id":793,"date":"2024-10-28T18:15:29","date_gmt":"2024-10-28T18:15:29","guid":{"rendered":"https:\/\/vana.polvakool.ee\/?page_id=793"},"modified":"2024-11-15T12:29:16","modified_gmt":"2024-11-15T10:29:16","slug":"pikapaeva-ruhm","status":"publish","type":"page","link":"https:\/\/polvakool.ee\/test\/pikapaeva-ruhm\/","title":{"rendered":"Pikap\u00e4eva r\u00fchm"},"content":{"rendered":"\t\t<div data-elementor-type=\"wp-page\" data-elementor-id=\"793\" class=\"elementor elementor-793\" data-elementor-post-type=\"page\">\n\t\t\t\t<div class=\"elementor-element elementor-element-66cfbd0e e-flex e-con-boxed e-con e-parent\" data-id=\"66cfbd0e\" data-element_type=\"container\" data-e-type=\"container\" data-settings=\"{&quot;background_background&quot;:&quot;classic&quot;}\">\n\t\t\t\t\t<div class=\"e-con-inner\">\n\t\t<div class=\"elementor-element elementor-element-437c1e76 e-con-full e-flex e-con e-child\" data-id=\"437c1e76\" data-element_type=\"container\" data-e-type=\"container\" data-settings=\"{&quot;background_background&quot;:&quot;classic&quot;}\">\n\t\t\t\t<div class=\"elementor-element elementor-element-17c0221b elementor-widget elementor-widget-heading\" data-id=\"17c0221b\" data-element_type=\"widget\" data-e-type=\"widget\" data-widget_type=\"heading.default\">\n\t\t\t\t<div class=\"elementor-widget-container\">\n\t\t\t\t\t<h2 class=\"elementor-heading-title elementor-size-default\">pikap\u00e4eva r\u00fchm<\/h2>\t\t\t\t<\/div>\n\t\t\t\t<\/div>\n\t\t\t\t<\/div>\n\t\t<div class=\"elementor-element elementor-element-ff23932 e-con-full e-flex e-con e-child\" data-id=\"ff23932\" data-element_type=\"container\" data-e-type=\"container\">\n\t\t\t\t<div class=\"elementor-element elementor-element-4c05b774 elementor-widget elementor-widget-text-editor\" data-id=\"4c05b774\" data-element_type=\"widget\" data-e-type=\"widget\" data-widget_type=\"text-editor.default\">\n\t\t\t\t<div class=\"elementor-widget-container\">\n\t\t\t\t\t\t\t\t\t<p><a href=\"https:\/\/polvakool.ee\/test\/wp-content\/uploads\/Pikapaevaruhma-tookorraldus.pdf\">P\u00f5lva Kooli pikap\u00e4evar\u00fchma t\u00f6\u00f6korraldus<\/a><\/p><p>Koolis t\u00f6\u00f6tavad algklasside \u00f5pilaste tarvis pikap\u00e4evar\u00fchmad ( E- N kella 16.00-ni, R kl 15-ni).<\/p><p>2023\/24: P\u00f5hikooli II ja III kooliastme jaoks on \u00f5pir\u00fchm\u00a0 (Kesk tn 25 majas, N kell 13.30- 15.00), kus \u00f5pilased saavad aine\u00f5petajate koostatud j\u00e4relt\u00f6id teha (registreerides end eelnevalt aine\u00f5petaja ja \u00f5pir\u00fchma \u00f5petaja teavitamiseks Stuudiumis j\u00e4relt\u00f6\u00f6le).<\/p><p>\u00d5pir\u00fchma v\u00f5ib saata ka \u00f5pilasi oma tegemata kodut\u00f6id ja \u00f5petaja poolt m\u00e4\u00e4ratud muid \u00f5ppe\u00fclesandeid t\u00e4itma. \u00d5pir\u00fchma saab \u00f5pilane ka omal soovil minna kodut\u00f6id tegema, kui ootab bussi v\u00f5i trenni minekut.<\/p>\t\t\t\t\t\t\t\t<\/div>\n\t\t\t\t<\/div>\n\t\t\t\t<\/div>\n\t\t\t\t\t<\/div>\n\t\t\t\t<\/div>\n\t\t\t\t<\/div>\n\t\t","protected":false},"excerpt":{"rendered":"<p>pikap\u00e4eva r\u00fchm P\u00f5lva Kooli pikap\u00e4evar\u00fchma t\u00f6\u00f6korraldus Koolis t\u00f6\u00f6tavad algklasside \u00f5pilaste tarvis pikap\u00e4evar\u00fchmad ( E- N kella 16.00-ni, R kl 15-ni). 2023\/24: P\u00f5hikooli II ja III kooliastme jaoks on \u00f5pir\u00fchm\u00a0 (Kesk tn 25 majas, N kell 13.30- 15.00), kus \u00f5pilased saavad aine\u00f5petajate koostatud j\u00e4relt\u00f6id teha (registreerides end eelnevalt aine\u00f5petaja ja \u00f5pir\u00fchma \u00f5petaja teavitamiseks Stuudiumis j\u00e4relt\u00f6\u00f6le). \u00d5pir\u00fchma [&hellip;]<\/p>\n","protected":false},"author":1,"featured_media":0,"parent":0,"menu_order":0,"comment_status":"closed","ping_status":"closed","template":"elementor_header_footer","meta":{"_acf_changed":false,"iawp_total_views":223,"footnotes":""},"class_list":["post-793","page","type-page","status-publish","hentry"],"acf":[],"_links":{"self":[{"href":"https:\/\/polvakool.ee\/test\/wp-json\/wp\/v2\/pages\/793","targetHints":{"allow":["GET"]}}],"collection":[{"href":"https:\/\/polvakool.ee\/test\/wp-json\/wp\/v2\/pages"}],"about":[{"href":"https:\/\/polvakool.ee\/test\/wp-json\/wp\/v2\/types\/page"}],"author":[{"embeddable":true,"href":"https:\/\/polvakool.ee\/test\/wp-json\/wp\/v2\/users\/1"}],"replies":[{"embeddable":true,"href":"https:\/\/polvakool.ee\/test\/wp-json\/wp\/v2\/comments?post=793"}],"version-history":[{"count":10,"href":"https:\/\/polvakool.ee\/test\/wp-json\/wp\/v2\/pages\/793\/revisions"}],"predecessor-version":[{"id":1444,"href":"https:\/\/polvakool.ee\/test\/wp-json\/wp\/v2\/pages\/793\/revisions\/1444"}],"wp:attachment":[{"href":"https:\/\/polvakool.ee\/test\/wp-json\/wp\/v2\/media?parent=793"}],"curies":[{"name":"wp","href":"https:\/\/api.w.org\/{rel}","templated":true}]}}